o) = 2*o**3 + 3*o**2 + 2*o + 4. Let z(b) = -b**2 + 8*b + 6. Let y be ((5 - 6)/3)/((-2)/(-6)). Let j be z(y). Determine a(j).
-29
Let r(v) be the second derivative of 4*v + 13/2*v**2 - 2 + 1/2*v**3. Determine r(-5).
-2
Suppose 3*w + 3*c + 24 = 0, -4*c + 13 = 5. Let r(j) = j**2 + 9*j - 17. What is r(w)?
-7
Let m(p) = -3*p - 12. Let f be m(-6). Let s(b) be the first derivative of -3*b**2/2 + 15*b + 638. Give s(f).
-3
Let n = 373 + -371. Let g(w) = 4*w**2 - 6 - 2*w + 3*w + 6*w**n - 9*w**2 - 25. What is g(0)?
-31
Let n(b) be the third derivative of -b**4/12 - b**3 + b**2. Let u be (-93 + 0)*306/54. Let h = u + 519. Give n(h).
10
Let y(n) = n**2 - 5*n - 6. Let p be y(6). Suppose 8*h - 74 - 166 = 0. Let b(o) = h - o + 0*o + 0*o - 36 + 2*o. Calculate b(p).
-6
Let b(q) = 5*q**2 + 2*q + 4. Let r(c) = 6*c**2 + 4*c + 6. Let d(i) = 5*b(i) - 4*r(i). Give d(7).
3
Let y(z) = -95*z - 3. Let i(t) = 594*t + 17. Let r(m) = -4*i(m) - 25*y(m). Determine r(-13).
20
Let s(p) = 75*p - 1267. Let c be s(17). Let g(j) = -3*j**2 + 16*j + 1. Calculate g(c).
-63
Let o(m) = -23*m - 85. Let a(x) = -2162*x + 17293. Let b be a(8). What is o(b)?
-16
Let j = -16 - -9. Let d be 2 + (5 + j - -9). Let u(k) = -2*k - 2 - 6*k**2 - 7*k**2 + 3 - d*k**2. Calculate u(1).
-23
Suppose -111*n - 886 = -109. Let o(t) = t**3 + 9*t**2 + 10*t + 15. Calculate o(n).
43
Let s(n) = 22*n - 1. Let h be s(-3). Let t = 66 + h. Let k(j) = -2*j - 5. Let x(f) = f + 4. Let w(b) = 3*k(b) + 4*x(b). Determine w(t).
3
Suppose -7*r + 173 = -415. Suppose -17*t = -10*t - r. Let q(z) = -7*z**2 - 18 + 23*z + 4*z**2 - 10*z**2 + z**3 - 9*z. Give q(t).
6
Let p = -4 - -8. Let d = -96 + 98. Let y(f) = -4 + 15*f**2 + 6*f - 2*f + 1 - 16*f**d. Determine y(p).
-3
Suppose 3*x = -3*j - 3, -j = -4*x - 15 + 1. Let b(w) = -w**3 - 8*w - 1. Let m(h) = -4*h**3 + h**2 - 17*h - 2. Let a(f) = 4*b(f) - 2*m(f). Determine a(j).
28
Let g(s) be the third derivative of -2*s**2 + 0 + 0*s**3 + 0*s**4 + 1/15*s**5 + 0*s. Determine g(-1).
4
Let z(s) = -4*s. Let r(y) = 7 - 9*y + 6*y**2 + y**3 - 11*y + y**2 - 24. Let u be r(-9). Suppose p = -0 + u. What is z(p)?
-4
Let m = 11 + -12. Let d(v) be the first derivative of 4*v**3/3 - v + 31088. Determine d(m).
3
Let n(u) be the second derivative of u**4/12 + 4*u**3/3 + 13*u**2 - 56*u. Let t be n(-3). Let v(i) = i**2 - 11*i - 7. Calculate v(t).
-7
Let u(q) = -6*q - 1. Let a(x) = -x. Let s(k) = -14*a(k) + 2*u(k). Suppose 54 = 13*p - 102. Suppose -14*h = p + 30. Calculate s(h).
-8
Suppose -3*s + 328 - 13845 = -5*j, 3*j - 5*s = 8107. Let p(n) = -1 - j*n + 1355*n + 1343*n. Calculate p(1).
-7
Let y(m) = 2*m**2 + 24*m - 24. Let p be y(-13). Suppose 4*t - 12 + 34 = 2*x, -3*x + 25 = -4*t. Let g(j) = p*j - 4*j + j - x. Determine g(-5).
2
Suppose 12 = -v - v. Let b(f) = 85*f**2 + 15*f + 35. Let u(m) = 73*m**2 + 14*m + 31. Let w(r) = 6*b(r) - 7*u(r). Determine w(v).
5
Let b(r) be the first derivative of r**4/4 - 17*r**3/3 - 8*r**2 - 10*r - 2727. What is b(18)?
26
Let f be (-16)/(-28) + (-48)/(-14). Let u(p) = 4 - f + 24*p + p**2 + 4 - 26*p. Suppose -2*j + s = 3*j - 18, 0 = -j + 4*s - 4. Give u(j).
12
Let f(p) be the first derivative of 4 - 3/2*p**2 + p**3 - 1/4*p**4 + 2*p. Suppose 29*t - 43 = 44. What is f(t)?
-7
Let k(w) = -4*w**2 + 6*w - 13. Suppose -4*d + 2*q + 4 = 0, 22 = -15*d + 17*d + 4*q. Let a(o) = -5*o**2 + 5*o - 14. Let x(u) = d*a(u) - 4*k(u). Calculate x(9).
10
Let v(m) = 4*m - 3. Let k = 1108 + -1111. Give v(k).
-15
Let w = -27447 - -658729/24. Let c(q) be the third derivative of 2/3*q**3 - 27*q**2 + 0*q + 0 + w*q**4. Determine c(0).
4
Let a(p) = -p + 7. Suppose -4*t = -12 - 88. Suppose t + 20 = -9*b. Determine a(b).
12
Let n(v) = 25 + 282*v - 38 - 150*v - 150*v. What is n(-1)?
5
Let o(d) = -2*d**2 + d - 2. Suppose 2*j - 2*h - h - 8 = 0, -j + 4 = -3*h. Calculate o(j).
-30
Let m(k) = 9*k**2 + 164*k + 41. Suppose -8*d = -9*d + 7*g + 10, -2*d - 4*g = 52. Calculate m(d).
5
Let o(s) be the third derivative of -s**6/120 + 3*s**5/20 + 31*s**4/24 - 46*s**3/3 + 4940*s**2. Calculate o(11).
7
Let y(b) = -b**3 + 26*b**2 - 38*b + 330. Suppose 303*a - 3399 - 6651 = -99*a. Give y(a).
5
Let l(a) = -3*a**3 + a**2 + 2*a. Let b = 1188 + -1190. Give l(b).
24
Suppose -4*m + 45*v + 52 = 49*v, m + 5*v - 29 = 0. Let i(a) = -a**3 + 12*a**2 - 22*a - 12. Give i(m).
33
Let n(c) = 4*c**3 + 3*c**2 - 16*c - 20. Let v(g) = -7*g**3 - 7*g**2 + 28*g + 41. Let r(h) = -5*n(h) - 3*v(h). Calculate r(-6).
1
Let j = 2 - -34. Let i(c) = -24*c + 24. Let d be i(9). Let s be d/j + (-2)/(-6). Let y(w) = w**2 + 6*w + 4. What is y(s)?
-1
Let t(f) = 265*f**2 + 10*f - 20. Let s be t(2). Suppose -s*v = -1051*v - 18. Let n(i) = i - 2. What is n(v)?
0
Let b(g) = 20*g + 39. Let d be b(-2). Let t(m) = m. Let w be t(-5). Let c be -2 + (10/d - w). Let f(o) = o + 4. Determine f(c).
-3
Let t(r) be the first derivative of 0*r**3 - 34 - 1/2*r**4 + r**2 + 3*r. Determine t(-2).
15
Suppose 0 = -137*o - 1000 - 644. Let g(y) = y**3 + 14*y**2 + 14*y - 13. What is g(o)?
107
Let c(r) be the second derivative of r**5/20 - 5*r**4/6 + 3*r**3/2 + 21*r**2/2 - 1143*r. What is c(9)?
21
Let b be (-6)/(-4) + (-3)/(-2) + 4. Let o(i) = -30*i + 22*i - b*i**2 + 6*i**2. Give o(-7).
7
Let q(l) be the third derivative of -l**7/2520 + l**6/240 + l**5/24 + 23*l**4/24 + 20*l**2. Let h(b) be the second derivative of q(b). What is h(4)?
1
Let t(l) = -l**3 + 7*l**2 + 10*l + 6. Let g(v) = 2*v**3 - 74*v**2 - 76*v + 3. Let r be g(38). Suppose -4*y + 36 = -w, -23*y - r*w = -22*y + 4. Determine t(y).
22
Let p(h) = -2*h + 1. Let b(r) be the third derivative of r**4/12 + 2*r**3/3 + 5*r**2 - 4*r. Let a be b(-1). Calculate p(a).
-3
Let n be (-1 - 0 - 0)*-3. Suppose 3*g - 8 - 1 = -3*w, -10 = -3*g - 4*w. Let o(i) = -164*i**2 - 169*i**g - 3*i + 494*i**2 - 1 - 160*i**2. Calculate o(n).
-1
Let c(d) = 19*d + 10. Let y be ((-270)/20 + 13)*2. Give c(y).
-9
Let s(i) = -i - 2. Let p be s(-7). Suppose p + 7 = -4*f. Let u(x) = 31*x**2 - 20*x**2 + 1 - 12*x**2 + 1. Give u(f).
-7
Let w(m) = 3*m**3 - 13*m**2 - 12*m + 11. Let u(g) = -2*g**3 + 13*g**2 + 10*g - 12. Let y(c) = -4*u(c) - 3*w(c). Determine y(-12).
-81
Let q = -304 + 316. Let t be q - 18/12*4. Let c(n) = n**2 - 6*n - 6. Calculate c(t).
-6
Suppose 1833*v - 284*v + 10832 + 6207 = 0. Let j(d) = 0*d**2 + 4*d**2 - 3*d**2 - 2 + 11*d. What is j(v)?
-2
Let f(k) be the second derivative of k**4/6 - k**3/2 + k. Suppose -36*q - 11 = 9*q - 146. Calculate f(q).
9
Let k be (-17)/5 - 45/75. Let h be (-1)/k - ((-14)/8 + -5). Let f(q) be the second derivative of q**4/12 - 7*q**3/6 + 8*q. What is f(h)?
0
Let h(b) = -177*b + 17. Let u be (2 - 3) + (-11)/(44/40). Let k(l) = -35*l + 3. Let i(j) = u*k(j) + 2*h(j). Give i(1).
32
Let s(h) = 3*h**3 + 60*h**2 - 4*h - 68. Let q be s(-20). Suppose -2*o + 16 = -4*x, 4*x - x - 2*o + q = 0. Let p(y) = y**3 + 2*y**2 + 2*y - 2. Calculate p(x).
-42
Suppose w = -w. Let p(v) be the third derivative of -v**5/60 + v**4/12 - 5*v**3/6 - 58*v**2 + 142*v. What is p(w)?
-5
Let m(n) be the third derivative of n**4/12 + n**3/2 - 3*n**2. Let u be ((-516)/(-301))/((-2)/(-28)). Suppose -d = 20 - u. Determine m(d).
11
Suppose -23*i + 67*i - 1496 = 0. Let l(k) = k - 28. What is l(i)?
6
Suppose 0 = 5*s - i + 541, 5*i - 295 - 12 = 3*s. Let m = -109 - s. Let f be 4 - (m + -10 + 4 + 3). Let p(n) = n + 2. What is p(f)?
9
Let c(i) = -i**2 + 12*i - 15. Suppose 4 = -10*d + 12*d. Suppose -4*l + a + 39 = 0, -a - d - 4 = -l. Give c(l).
-4
Let o = -259 - -265. Suppose -t - 5*y - 12 = 3*t, -t - 2 = y. Let g(f) = -1 + f**3 - 556*f**t + 6 + 4*f + 549*f**2. Determine g(o).
-7
Let h be (-15)/(-45)*(-63)/(-3) - 4. Let p(z) = -4*z**2 + 8*z + 6. Calculate p(h).
-6
Suppose 80 = 4*q - 200. Let d = q + -67. Suppose -5*k + d*v + 12 + 6 = 0, 12 = 3*v. Let x(a) = a**3 - 5*a**2 - 8*a + 7. Determine x(k).
-5
Let s(c) = c**3 + 5*c**2 + 6*c + 10. Suppose -1146 = 37*b + 5181. Let t = 167 + b. Give s(t).
2
Suppose 280*r + 1476 = 116*r. Let h(k) = -9*k - 83. Calculate h(r).
-2
Suppose 0 = 4*o + 3*u - 35, u - 9 + 4 = 0. Let d = -116 - -124. Let w(b) = 4 + d*b + 22*b**2 - 4*b - 23*b**2 + 1 + 0*b**2. Determine w(o).
0
Let q = 4821 + -4822. Let h(i) = -76*i**2 - 4*i - 2. What is h(q)?
-74
Let v be 145/(-45) - 2/(-9). Let d(c) be the third derivative of c**6/120 - c**4/8 - 3*c**2 - 152. Wha